e of 340?
True
Does 105 divide 134887620?
True
Is 2947050 a multiple of 30?
True
Is 182 a factor of 185294479?
False
Is 25967452 a multiple of 38?
True
Does 13 divide 15347520?
False
Is 289 a factor of 7581337?
True
Is 849074292 a multiple of 624?
False
Is 73344289 a multiple of 2480?
False
Is 971394866 a multiple of 13?
True
Is 14 a factor of 259707118?
False
Is 133 a factor of 1079799336?
True
Is 389813820 a multiple of 55?
True
Is 1512 a factor of 24276672?
True
Is 55 a factor of 3522825?
False
Does 1848 divide 72570960?
True
Is 30327762 a multiple of 1938?
True
Is 280 a factor of 146694035?
False
Is 5 a factor of 4502955?
True
Is 511574937 a multiple of 267?
True
Is 3692937184 a multiple of 26?
False
Does 908 divide 91003563?
False
Is 4088 a factor of 4161077088?
True
Does 34 divide 71250060?
True
Does 20 divide 169409460?
True
Is 579 a factor of 633000495?
False
Does 888 divide 23620800?
True
Is 55387560 a multiple of 2680?
True
Is 10 a factor of 649776854?
False
Is 38 a factor of 193909294?
False
Does 184 divide 127677600?
True
Is 713337024 a multiple of 2624?
True
Does 20 divide 215196873?
False
Is 1046 a factor of 204884204?
True
Is 235 a factor of 49656440?
True
Is 429349118 a multiple of 209?
True
Is 167 a factor of 1019027057?
False
Is 1452 a factor of 97088331?
False
Does 277 divide 13954813?
False
Is 24 a factor of 41484520?
False
Does 627 divide 83962197?
True
Is 941335169 a multiple of 9?
False
Does 10 divide 8653340?
True
Does 180 divide 1146368370?
False
Is 477 a factor of 36449988?
False
Is 314 a factor of 255724202?
False
Does 4504 divide 578552312?
True
Is 258664137 a multiple of 87?
True
Does 150 divide 437901900?
True
Is 11 a factor of 1008975?
True
Is 42 a factor of 2219641584?
False
Is 240 a factor of 2057466240?
True
Is 292818350 a multiple of 550?
True
Does 29 divide 29361688?
True
Is 516569960 a multiple of 610?
True
Is 2097 a factor of 739089933?
False
Is 53 a factor of 71694054?
True
Does 245 divide 47568923?
False
Is 21 a factor of 373322103?
True
Is 1430 a factor of 461754307?
False
Does 70 divide 17191230?
True
Does 7 divide 1047317?
False
Is 99344341 a multiple of 2?
False
Does 3227 divide 1185742333?
False
Is 691 a factor of 783540102?
True
Is 1164 a factor of 14385662?
False
Is 188842040 a multiple of 172?
False
Is 2348 a factor of 761368462?
False
Does 175 divide 8108216?
False
Is 22219611 a multiple of 156?
False
Is 18242850 a multiple of 450?
False
Does 26 divide 3575702?
True
Is 45 a factor of 243506972?
False
Is 85 a factor of 348467831?
False
Does 334 divide 14745608?
False
Does 2016 divide 904462572?
False
Does 302 divide 7236501?
False
Does 28 divide 62088852?
True
Does 5267 divide 2844332743?
True
Is 20 a factor of 749044300?
True
Is 135 a factor of 1304924663?
False
Is 376383548 a multiple of 259?
False
Does 15 divide 539197785?
True
Is 136085915 a multiple of 9?
False
Is 1844 a factor of 874437708?
True
Is 1850 a factor of 5627700?
True
Is 45776224 a multiple of 26?
True
Is 13017210 a multiple of 93?
True
Is 38330523 a multiple of 245?
False
Does 324 divide 87804324?
True
Is 94176018 a multiple of 318?
True
Does 18 divide 348916048?
False
Is 354339632 a multiple of 12?
False
Does 167 divide 210620066?
True
Does 21 divide 171707020?
False
Is 784864834 a multiple of 598?
True
Is 6 a factor of 82510961?
False
Is 865187064 a multiple of 36?
True
Does 62 divide 146372703?
False
Is 145 a factor of 135887040?
True
Does 17 divide 120248327?
True
Is 141746829 a multiple of 509?
True
Is 1781 a factor of 428074036?
True
Is 86 a factor of 55886058?
False
Does 103 divide 11694546?
False
Does 1083 divide 40451133?
True
Does 26 divide 464008974?
True
Is 59 a factor of 340414424?
True
Is 20 a factor of 80452761?
False
Is 862 a factor of 142147248?
True
Is 21 a factor of 78504419?
False
Does 15 divide 1375050?
True
Does 45 divide 69734586?
False
Is 309 a factor of 725223?
True
Does 292 divide 78046?
False
Does 8 divide 15584120?
True
Does 36 divide 144608040?
True
Is 3276814 a multiple of 28?
False
Is 2475 a factor of 56902725?
True
Is 23736733 a multiple of 8?
False
Is 50 a factor of 29956100?
True
Is 355 a factor of 202697190?
True
Is 469 a factor of 4323249973?
True
Is 277 a factor of 318629222?
True
Is 18970299 a multiple of 322?
False
Is 14 a factor of 114559858?
True
Is 16 a factor of 47882976?
True
Is 3913 a factor of 14913949?
False
Is 200991733 a multiple of 37?
True
Does 6886 divide 113704005?
False
Is 85 a factor of 803974407?
False
Does 3596 divide 847695868?
True
Does 1243 divide 4739681685?
False
Does 528 divide 38040386?
False
Is 14045294 a multiple of 14?
False
Does 122 divide 4483012819?
False
Is 7660542 a multiple of 6?
True
Is 481 a factor of 42605933?
False
Is 1177714 a multiple of 10?
False
Does 951 divide 358859941?
False
Is 3800985050 a multiple of 50?
True
Is 68423087 a multiple of 3?
False
Is 6 a factor of 31983162?
True
Does 1217 divide 1013635649?
True
Is 2205 a factor of 1942776987?
False
Does 23 divide 1162118090?
False
Is 7799370 a multiple of 30?
True
Does 704 divide 3234880?
True
Is 65 a factor of 278397340?
True
Is 57 a factor of 2123991?
True
Does 17 divide 2576760482?
True
Does 402 divide 60705216?
True
Is 9110 a factor of 4448161931?
False
Is 7617230 a multiple of 2?
True
Does 5 divide 89483365?
True
Is 9 a factor of 203741829?
True
Does 12 divide 61694056?
False
Is 4547 a factor of 1092780510?
True
Does 1246 divide 340540907?
False
Is 10357960 a multiple of 28?
False
Does 312 divide 293536464?
True
Does 12 divide 182678410?
False
Is 2178817664 a multiple of 706?
True
Does 158 divide 5658612?
True
Does 14 divide 676707107?
False
Is 366512201 a multiple of 14?
False
Is 17 a factor of 4804771485?
False
Does 9 divide 24113394?
True
Is 74 a factor of 6985378?
True
Is 293409395 a multiple of 74?
False
Is 10014656 a multiple of 937?
True
Does 983 divide 394075271?
False
Does 13 divide 7825038?
True
Is 202088508 a multiple of 18?
False
Is 23042565 a multiple of 2?
False
Is 102 a factor of 68968524?
True
Is 1536036450 a multiple of 130?
True
Is 109679548 a multiple of 21?
False
Is 1078 a factor of 568073622?
False
Is 9 a factor of 111929463?
True
Is 25 a factor of 1340917712?
False
Is 143571584 a multiple of 16?
True
Does 2531 divide 53473782?
False
Is 212388154 a multiple of 9?
False
Does 38 divide 20389712?
False
Does 36 divide 122788476?
True
Does 436 divide 677992644?
True
Does 11 divide 17292891?
True
Is 14843717 a multiple of 988?
False
Does 16 divide 21376336?
True
Does 25 divide 434407025?
True
Does 86 divide 163809016?
True
Is 2159 a factor of 84320505?
False
Is 3015 a factor of 39026160?
True
Is 2417628107 a multiple of 5?
False
Is 25 a factor of 5814299?
False
Is 2077366 a multiple of 8?
False
Does 456 divide 39252835?
False
Is 3467716638 a multiple of 1889?
True
Does 62 divide 162579777?
False
Is 88 a factor of 47374542?
False
Is 797766120 a multiple of 120?
True
Is 5 a factor of 3873780?
True
Is 1919868 a multiple of 834?
True
Is 3 a factor of 10335872?
False
Is 12966667 a multiple of 903?
False
Is 70643550 a multiple of 15?
True
Does 186 divide 9881808?
True
Is 2887420513 a multiple of 90?
False
Is 32041 a multiple of 9?
False
Does 22 divide 109037104?
True
Is 69146220 a multiple of 143?
True
Is 38971752 a multiple of 69?
True
Does 33 divide 67184799?
True
Is 1198436278 a multiple of 9699?
False
Is 32 a factor of 408630560?
True
Does 307 divide 22445992?
False
Does 507 divide 1098800313?
True
Does 96 divide 527078199?
False
Is 47 a factor of 831324626?
True
Is 249257320 a multiple of 58?
True
Is 3857087 a multiple of 12?
False
Is 1533 a factor of 139043814?
False
Is 110 a factor of 63269725?
False
Is 10 a factor of 60623380?
True
Is 274356177 a multiple of 79?
True
Is 533784620 a multiple of 178?
True
Does 39 divide 125942662?
False
Does 93 divide 116373318?
True
Does 64 divide 75499778?
False
Is 39 a factor of 175431360?
True
Is 6 a factor of 215752172?
False
Is 277 a factor of 45949591?
True
Does 216 divide 102176213?
False
Is 70102434 a multiple of 6?
True
Is 1071124936 a multiple of 70?
False
Is 9 a factor of 352911330?
True
Is 86 a factor of 1380434074?
True
Does 14 divide 19114620?
True
Is 30922188 a multiple of 54?
False
Is 827 a factor of 80535741?
True
Is 27 a